{"id":19,"date":"2016-01-25T10:47:34","date_gmt":"2016-01-25T10:47:34","guid":{"rendered":"http:\/\/www.fondazionefrancescofabbri.it\/?page_id=19"},"modified":"2016-09-12T09:57:41","modified_gmt":"2016-09-12T09:57:41","slug":"edizioni-fff","status":"publish","type":"page","link":"https:\/\/www.fondazionefrancescofabbri.it\/it\/edizioni-fff\/","title":{"rendered":"Edizioni FFF"},"content":{"rendered":"<section class=\"wpb-content-wrapper\"><p>[vc_row][vc_column width=&#8221;2\/3&#8243;][vc_column_text el_class=&#8221;titolo&#8221;]Edizioni FFF[\/vc_column_text][vc_row_inner][vc_column_inner width=&#8221;1\/2&#8243;][vc_column_text]La rivoluzione digitale ha sicuramente trasformato le nostre vite e le nostre abitudini. La velocit\u00e0 e la liquidit\u00e0 del nostro tempo impone per\u00f2 la necessit\u00e0 di trovare a volte un approdo, di arginarci al presente, per poter guardare indietro e immaginare il futuro. La concretezza \u00e8 l\u2019antidoto alla liquidit\u00e0. Con-creto vuol dire \u201ccresciuto assieme\u201d perch\u00e9 i pensieri, le immagini, le parole diventano realt\u00e0 solo se condivise. Anche i libri sono oggetti, pensieri concreti.\u00a0Le Edizioni Fondazione Francesco Fabbri rappresentano al tempo stesso la memoria, il presente e la proiezione verso il futuro: un regesto dei fatti e delle attivit\u00e0 svolte, una riflessione continua sulla contemporaneit\u00e0 e la prefigurazione di scenari possibili, desideri, utopie. Ispirate al bagaglio culturale del senatore Fabbri, di cui la Fondazione ospita anche la biblioteca, le Edizioni FFF sono suddivise in tre collane che riflettono gli orientamenti e i percorsi di ricerca della[\/vc_column_text][\/vc_column_inner][vc_column_inner width=&#8221;1\/2&#8243;][vc_column_text]Fondazione: Arti, Politiche, Pratiche, tutte rigorosamente al plurale per preservare i diversi aspetti di ogni attivit\u00e0. Le Arti raccolgono gli esiti della produzione creativa che avviene nell\u2019ambito della Fondazione o da essa stimolata, in cui si incrociano temi, discipline, interpretazioni, sintomo di un territorio culturale ibrido e plurale. Le Politiche affrontano e consolidano i diversi aspetti di una riflessione continua sul presente e sullo sviluppo futuro, aprendosi anche in questo caso a una contaminazione di linguaggi in cui convergono politica, governance, economia e societ\u00e0. Le Pratiche, infine, rendono conto dell\u2019attivit\u00e0 concreta della Fondazione, dei suoi momenti topici e di condivisione, di presenza attiva e partecipata. Le Edizioni FFF vogliono essere uno strumento aperto alla collaborazione con autori ed altre case editrici, rientrano esse stesse nelle buone pratiche della Fondazione, ne sono al tempo stesso riflesso ed espressione.[\/vc_column_text][\/vc_column_inner][\/vc_row_inner][\/vc_column][vc_column width=&#8221;1\/3&#8243;][vc_wp_custommenu title=&#8221;Edizioni FFF&#8221; nav_menu=&#8221;26&#8243;][\/vc_column][\/vc_row]<\/p>\n<\/section>","protected":false},"excerpt":{"rendered":"<p>[vc_row][vc_column width=&#8221;2\/3&#8243;][vc_column_text el_class=&#8221;titolo&#8221;]Edizioni FFF[\/vc_column_text][vc_row_inner][vc_column_inner width=&#8221;1\/2&#8243;][vc_column_text]La rivoluzione digitale ha sicuramente trasformato le nostre vite e le nostre abitudini. La velocit\u00e0 e la liquidit\u00e0 del nostro tempo impone per\u00f2 la necessit\u00e0 di <\/p>\n","protected":false},"author":3,"featured_media":0,"parent":0,"menu_order":5,"comment_status":"closed","ping_status":"closed","template":"","meta":[],"acf":[],"yoast_head":"<!-- This site is optimized with the Yoast SEO plugin v20.8 - https:\/\/yoast.com\/wordpress\/plugins\/seo\/ -->\n<title>Edizioni FFF - Fondazione Francesco Fabbri<\/title>\n<meta name=\"robots\" content=\"index, follow, max-snippet:-1, max-image-preview:large, max-video-preview:-1\" \/>\n<link rel=\"canonical\" href=\"https:\/\/www.fondazionefrancescofabbri.it\/it\/edizioni-fff\/\" \/>\n<meta property=\"og:locale\" content=\"it_IT\" \/>\n<meta property=\"og:type\" content=\"article\" \/>\n<meta property=\"og:title\" content=\"Edizioni FFF - Fondazione Francesco Fabbri\" \/>\n<meta property=\"og:description\" content=\"[vc_row][vc_column width=&#8221;2\/3&#8243;][vc_column_text el_class=&#8221;titolo&#8221;]Edizioni FFF[\/vc_column_text][vc_row_inner][vc_column_inner width=&#8221;1\/2&#8243;][vc_column_text]La rivoluzione digitale ha sicuramente trasformato le nostre vite e le nostre abitudini. La velocit\u00e0 e la liquidit\u00e0 del nostro tempo impone per\u00f2 la necessit\u00e0 di\" \/>\n<meta property=\"og:url\" content=\"https:\/\/www.fondazionefrancescofabbri.it\/it\/edizioni-fff\/\" \/>\n<meta property=\"og:site_name\" content=\"Fondazione Francesco Fabbri\" \/>\n<meta property=\"article:modified_time\" content=\"2016-09-12T09:57:41+00:00\" \/>\n<meta name=\"twitter:card\" content=\"summary_large_image\" \/>\n<meta name=\"twitter:label1\" content=\"Tempo di lettura stimato\" \/>\n\t<meta name=\"twitter:data1\" content=\"2 minuti\" \/>\n<script type=\"application\/ld+json\" class=\"yoast-schema-graph\">{\"@context\":\"https:\/\/schema.org\",\"@graph\":[{\"@type\":\"WebPage\",\"@id\":\"https:\/\/www.fondazionefrancescofabbri.it\/it\/edizioni-fff\/\",\"url\":\"https:\/\/www.fondazionefrancescofabbri.it\/it\/edizioni-fff\/\",\"name\":\"Edizioni FFF - Fondazione Francesco Fabbri\",\"isPartOf\":{\"@id\":\"https:\/\/www.fondazionefrancescofabbri.it\/en\/#website\"},\"datePublished\":\"2016-01-25T10:47:34+00:00\",\"dateModified\":\"2016-09-12T09:57:41+00:00\",\"breadcrumb\":{\"@id\":\"https:\/\/www.fondazionefrancescofabbri.it\/it\/edizioni-fff\/#breadcrumb\"},\"inLanguage\":\"it-IT\",\"potentialAction\":[{\"@type\":\"ReadAction\",\"target\":[\"https:\/\/www.fondazionefrancescofabbri.it\/it\/edizioni-fff\/\"]}]},{\"@type\":\"BreadcrumbList\",\"@id\":\"https:\/\/www.fondazionefrancescofabbri.it\/it\/edizioni-fff\/#breadcrumb\",\"itemListElement\":[{\"@type\":\"ListItem\",\"position\":1,\"name\":\"Home\",\"item\":\"https:\/\/www.fondazionefrancescofabbri.it\/it\/\"},{\"@type\":\"ListItem\",\"position\":2,\"name\":\"Edizioni FFF\"}]},{\"@type\":\"WebSite\",\"@id\":\"https:\/\/www.fondazionefrancescofabbri.it\/en\/#website\",\"url\":\"https:\/\/www.fondazionefrancescofabbri.it\/en\/\",\"name\":\"Fondazione Francesco Fabbri\",\"description\":\"Just another WordPress site\",\"potentialAction\":[{\"@type\":\"SearchAction\",\"target\":{\"@type\":\"EntryPoint\",\"urlTemplate\":\"https:\/\/www.fondazionefrancescofabbri.it\/en\/?s={search_term_string}\"},\"query-input\":\"required name=search_term_string\"}],\"inLanguage\":\"it-IT\"}]}<\/script>\n<!-- \/ Yoast SEO plugin. -->","yoast_head_json":{"title":"Edizioni FFF - Fondazione Francesco Fabbri","robots":{"index":"index","follow":"follow","max-snippet":"max-snippet:-1","max-image-preview":"max-image-preview:large","max-video-preview":"max-video-preview:-1"},"canonical":"https:\/\/www.fondazionefrancescofabbri.it\/it\/edizioni-fff\/","og_locale":"it_IT","og_type":"article","og_title":"Edizioni FFF - Fondazione Francesco Fabbri","og_description":"[vc_row][vc_column width=&#8221;2\/3&#8243;][vc_column_text el_class=&#8221;titolo&#8221;]Edizioni FFF[\/vc_column_text][vc_row_inner][vc_column_inner width=&#8221;1\/2&#8243;][vc_column_text]La rivoluzione digitale ha sicuramente trasformato le nostre vite e le nostre abitudini. La velocit\u00e0 e la liquidit\u00e0 del nostro tempo impone per\u00f2 la necessit\u00e0 di","og_url":"https:\/\/www.fondazionefrancescofabbri.it\/it\/edizioni-fff\/","og_site_name":"Fondazione Francesco Fabbri","article_modified_time":"2016-09-12T09:57:41+00:00","twitter_card":"summary_large_image","twitter_misc":{"Tempo di lettura stimato":"2 minuti"},"schema":{"@context":"https:\/\/schema.org","@graph":[{"@type":"WebPage","@id":"https:\/\/www.fondazionefrancescofabbri.it\/it\/edizioni-fff\/","url":"https:\/\/www.fondazionefrancescofabbri.it\/it\/edizioni-fff\/","name":"Edizioni FFF - Fondazione Francesco Fabbri","isPartOf":{"@id":"https:\/\/www.fondazionefrancescofabbri.it\/en\/#website"},"datePublished":"2016-01-25T10:47:34+00:00","dateModified":"2016-09-12T09:57:41+00:00","breadcrumb":{"@id":"https:\/\/www.fondazionefrancescofabbri.it\/it\/edizioni-fff\/#breadcrumb"},"inLanguage":"it-IT","potentialAction":[{"@type":"ReadAction","target":["https:\/\/www.fondazionefrancescofabbri.it\/it\/edizioni-fff\/"]}]},{"@type":"BreadcrumbList","@id":"https:\/\/www.fondazionefrancescofabbri.it\/it\/edizioni-fff\/#breadcrumb","itemListElement":[{"@type":"ListItem","position":1,"name":"Home","item":"https:\/\/www.fondazionefrancescofabbri.it\/it\/"},{"@type":"ListItem","position":2,"name":"Edizioni FFF"}]},{"@type":"WebSite","@id":"https:\/\/www.fondazionefrancescofabbri.it\/en\/#website","url":"https:\/\/www.fondazionefrancescofabbri.it\/en\/","name":"Fondazione Francesco Fabbri","description":"Just another WordPress site","potentialAction":[{"@type":"SearchAction","target":{"@type":"EntryPoint","urlTemplate":"https:\/\/www.fondazionefrancescofabbri.it\/en\/?s={search_term_string}"},"query-input":"required name=search_term_string"}],"inLanguage":"it-IT"}]}},"_links":{"self":[{"href":"https:\/\/www.fondazionefrancescofabbri.it\/it\/wp-json\/wp\/v2\/pages\/19"}],"collection":[{"href":"https:\/\/www.fondazionefrancescofabbri.it\/it\/wp-json\/wp\/v2\/pages"}],"about":[{"href":"https:\/\/www.fondazionefrancescofabbri.it\/it\/wp-json\/wp\/v2\/types\/page"}],"author":[{"embeddable":true,"href":"https:\/\/www.fondazionefrancescofabbri.it\/it\/wp-json\/wp\/v2\/users\/3"}],"replies":[{"embeddable":true,"href":"https:\/\/www.fondazionefrancescofabbri.it\/it\/wp-json\/wp\/v2\/comments?post=19"}],"version-history":[{"count":16,"href":"https:\/\/www.fondazionefrancescofabbri.it\/it\/wp-json\/wp\/v2\/pages\/19\/revisions"}],"predecessor-version":[{"id":788,"href":"https:\/\/www.fondazionefrancescofabbri.it\/it\/wp-json\/wp\/v2\/pages\/19\/revisions\/788"}],"wp:attachment":[{"href":"https:\/\/www.fondazionefrancescofabbri.it\/it\/wp-json\/wp\/v2\/media?parent=19"}],"curies":[{"name":"wp","href":"https:\/\/api.w.org\/{rel}","templated":true}]}}

<section class="wpb-content-wrapper"><p>[vc_row][vc_column width=&#8221;2/3&#8243;][vc_column_text el_class=&#8221;titolo&#8221;]Edizioni FFF[/vc_column_text][vc_row_inner][vc_column_inner width=&#8221;1/2&#8243;][vc_column_text]La rivoluzione digitale ha sicuramente trasformato le nostre vite e le nostre abitudini. La velocità e la liquidità del nostro tempo impone però la necessità di trovare a volte un approdo, di arginarci al presente, per poter guardare indietro e immaginare il futuro. La concretezza è l’antidoto alla liquidità. Con-creto vuol dire “cresciuto assieme” perché i pensieri, le immagini, le parole diventano realtà solo se condivise. Anche i libri sono oggetti, pensieri concreti. Le Edizioni Fondazione Francesco Fabbri rappresentano al tempo stesso la memoria, il presente e la proiezione verso il futuro: un regesto dei fatti e delle attività svolte, una riflessione continua sulla contemporaneità e la prefigurazione di scenari possibili, desideri, utopie. Ispirate al bagaglio culturale del senatore Fabbri, di cui la Fondazione ospita anche la biblioteca, le Edizioni FFF sono suddivise in tre collane che riflettono gli orientamenti e i percorsi di ricerca della[/vc_column_text][/vc_column_inner][vc_column_inner width=&#8221;1/2&#8243;][vc_column_text]Fondazione: Arti, Politiche, Pratiche, tutte rigorosamente al plurale per preservare i diversi aspetti di ogni attività. Le Arti raccolgono gli esiti della produzione creativa che avviene nell’ambito della Fondazione o da essa stimolata, in cui si incrociano temi, discipline, interpretazioni, sintomo di un territorio culturale ibrido e plurale. Le Politiche affrontano e consolidano i diversi aspetti di una riflessione continua sul presente e sullo sviluppo futuro, aprendosi anche in questo caso a una contaminazione di linguaggi in cui convergono politica, governance, economia e società. Le Pratiche, infine, rendono conto dell’attività concreta della Fondazione, dei suoi momenti topici e di condivisione, di presenza attiva e partecipata. Le Edizioni FFF vogliono essere uno strumento aperto alla collaborazione con autori ed altre case editrici, rientrano esse stesse nelle buone pratiche della Fondazione, ne sono al tempo stesso riflesso ed espressione.[/vc_column_text][/vc_column_inner][/vc_row_inner][/vc_column][vc_column width=&#8221;1/3&#8243;][vc_wp_custommenu title=&#8221;Edizioni FFF&#8221; nav_menu=&#8221;26&#8243;][/vc_column][/vc_row]</p>
</section>

<p>[vc_row][vc_column width=&#8221;2/3&#8243;][vc_column_text el_class=&#8221;titolo&#8221;]Edizioni FFF[/vc_column_text][vc_row_inner][vc_column_inner width=&#8221;1/2&#8243;][vc_column_text]La rivoluzione digitale ha sicuramente trasformato le nostre vite e le nostre abitudini. La velocità e la liquidità del nostro tempo impone però la necessità di </p>

<!-- This site is optimized with the Yoast SEO plugin v20.8 - https://yoast.com/wordpress/plugins/seo/ -->
<title>Edizioni FFF - Fondazione Francesco Fabbri</title>
<meta name="robots" content="index, follow, max-snippet:-1, max-image-preview:large, max-video-preview:-1" />
<link rel="canonical" href="https://www.fondazionefrancescofabbri.it/it/edizioni-fff/" />
<meta property="og:locale" content="it_IT" />
<meta property="og:type" content="article" />
<meta property="og:title" content="Edizioni FFF - Fondazione Francesco Fabbri" />
<meta property="og:description" content="[vc_row][vc_column width=&#8221;2/3&#8243;][vc_column_text el_class=&#8221;titolo&#8221;]Edizioni FFF[/vc_column_text][vc_row_inner][vc_column_inner width=&#8221;1/2&#8243;][vc_column_text]La rivoluzione digitale ha sicuramente trasformato le nostre vite e le nostre abitudini. La velocità e la liquidità del nostro tempo impone però la necessità di" />
<meta property="og:url" content="https://www.fondazionefrancescofabbri.it/it/edizioni-fff/" />
<meta property="og:site_name" content="Fondazione Francesco Fabbri" />
<meta property="article:modified_time" content="2016-09-12T09:57:41+00:00" />
<meta name="twitter:card" content="summary_large_image" />
<meta name="twitter:label1" content="Tempo di lettura stimato" />
	<meta name="twitter:data1" content="2 minuti" />
<script type="application/ld+json" class="yoast-schema-graph">{"@context":"https://schema.org","@graph":[{"@type":"WebPage","@id":"https://www.fondazionefrancescofabbri.it/it/edizioni-fff/","url":"https://www.fondazionefrancescofabbri.it/it/edizioni-fff/","name":"Edizioni FFF - Fondazione Francesco Fabbri","isPartOf":{"@id":"https://www.fondazionefrancescofabbri.it/en/#website"},"datePublished":"2016-01-25T10:47:34+00:00","dateModified":"2016-09-12T09:57:41+00:00","breadcrumb":{"@id":"https://www.fondazionefrancescofabbri.it/it/edizioni-fff/#breadcrumb"},"inLanguage":"it-IT","potentialAction":[{"@type":"ReadAction","target":["https://www.fondazionefrancescofabbri.it/it/edizioni-fff/"]}]},{"@type":"BreadcrumbList","@id":"https://www.fondazionefrancescofabbri.it/it/edizioni-fff/#breadcrumb","itemListElement":[{"@type":"ListItem","position":1,"name":"Home","item":"https://www.fondazionefrancescofabbri.it/it/"},{"@type":"ListItem","position":2,"name":"Edizioni FFF"}]},{"@type":"WebSite","@id":"https://www.fondazionefrancescofabbri.it/en/#website","url":"https://www.fondazionefrancescofabbri.it/en/","name":"Fondazione Francesco Fabbri","description":"Just another WordPress site","potentialAction":[{"@type":"SearchAction","target":{"@type":"EntryPoint","urlTemplate":"https://www.fondazionefrancescofabbri.it/en/?s={search_term_string}"},"query-input":"required name=search_term_string"}],"inLanguage":"it-IT"}]}</script>
<!-- / Yoast SEO plugin. -->

[vc_row][vc_column width=&#8221;2/3&#8243;][vc_column_text el_class=&#8221;titolo&#8221;]Edizioni FFF[/vc_column_text][vc_row_inner][vc_column_inner width=&#8221;1/2&#8243;][vc_column_text]La rivoluzione digitale ha sicuramente trasformato le nostre vite e le nostre abitudini. La velocità e la liquidità del nostro tempo impone però la necessità di
