{"id":3009,"date":"2021-06-12T14:19:51","date_gmt":"2021-06-12T12:19:51","guid":{"rendered":"https:\/\/www.fondazionefrancescofabbri.it\/?page_id=3009"},"modified":"2022-05-06T09:54:34","modified_gmt":"2022-05-06T07:54:34","slug":"premio-francesco-fabbri-2021","status":"publish","type":"page","link":"https:\/\/www.fondazionefrancescofabbri.it\/it\/arti\/premio-francesco-fabbri-2021\/","title":{"rendered":"Premio Francesco Fabbri 2021"},"content":{"rendered":"<section class=\"wpb-content-wrapper\"><p>[vc_row][vc_column width=&#8221;2\/3&#8243;][vc_column_text el_class=&#8221;titolo&#8221;]Premio Francesco Fabbri 2021[\/vc_column_text][vc_single_image image=&#8221;3143&#8243; img_size=&#8221;full&#8221;][vc_column_text]<\/p>\n<p style=\"text-align: center;\"><b>PREMIO FRANCESCO FABBRI\u00a0<\/b><\/p>\n<p style=\"text-align: center;\"><strong>Parte la decima edizione del Premio dedicato<\/strong><\/p>\n<p style=\"text-align: center;\"><strong>\u00a0all\u2019Arte emergente e alla Fotografia contemporanea<\/strong><\/p>\n<p>&nbsp;<\/p>\n<p>&nbsp;<\/p>\n<p>&nbsp;<\/p>\n<p><span style=\"font-weight: 400;\">Il <\/span><b>14 giugno <\/b><span style=\"font-weight: 400;\">2021 si apre il bando della decima edizione del <\/span><b>Premio Francesco Fabbri per le Arti Contemporanee<\/b><span style=\"font-weight: 400;\">, una manifestazione che vuole essere un punto di riferimento per gli operatori e il pubblico che rivolgono la loro attenzione alle istanze di ricerca nell&#8217;arte contemporanea.<\/span><\/p>\n<p>&nbsp;<\/p>\n<p><span style=\"font-weight: 400;\">Il Premio anche quest&#8217;anno si articola in due sezioni: <\/span><b>Arte emergente<\/b><span style=\"font-weight: 400;\"> e <\/span><b>Fotografia contemporanea<\/b><span style=\"font-weight: 400;\">. La prima \u00e8 dedicata agli autori under 35 che, secondo una logica intermediale, potranno partecipare con ogni forma creativa visiva: dalla pittura all\u2019installazione, dalla fotografia alla videoarte, dalla performance e sound art fino al disegno e alla grafica.\u00a0<\/span><\/p>\n<p><span style=\"font-weight: 400;\">La seconda sezione invece, priva di limiti anagrafici, \u00e8 dedicata alla Fotografia contemporanea attraverso una variet\u00e0 di concezioni dello specifico medium, in continuit\u00e0 con l&#8217;attivit\u00e0 di Fondazione Francesco Fabbri che promuove il Festival <\/span><i><span style=\"font-weight: 400;\">F4 \/ un&#8217;idea di Fotografia <\/span><\/i><span style=\"font-weight: 400;\">ed il Master in Photography dell&#8217;Universit\u00e0 IUAV. A entrambe le sezioni potranno partecipare autori da ogni paese del mondo.\u00a0<\/span><\/p>\n<p>&nbsp;<\/p>\n<p><span style=\"font-weight: 400;\">Il bando rimarr\u00e0 aperto dal <\/span><b>14 giugno<\/b><span style=\"font-weight: 400;\"> al <\/span><b>26 settembre 2021<\/b><span style=\"font-weight: 400;\"> e gli artisti potranno iscriversi via web o tramite posta ordinaria. I due <\/span><b>vincitori<\/b><span style=\"font-weight: 400;\"> riceveranno un premio acquisto di <\/span><b>5.000 euro<\/b><span style=\"font-weight: 400;\"> ciascuno, le opere entreranno nella collezione permanente di Fondazione Francesco Fabbri e saranno custodite nel centro residenziale di Casa Fabbri.\u00a0<\/span><\/p>\n<p>&nbsp;<\/p>\n<p><span style=\"font-weight: 400;\">Il premio, curato da <\/span><b>Carlo Sala<\/b><span style=\"font-weight: 400;\">, gode di una prestigiosa giuria composta da critici e curatori, quali <\/span><b>Lorenzo Balbi, Daniele De Luigi, Rossella Farinotti, Antonio Grulli, Francesca Lazzarini, Giangavino Pazzola, Stefano Raimondi e Valentina Tanni.<\/b><\/p>\n<p>&nbsp;<\/p>\n<p><span style=\"font-weight: 400;\">Le opere finaliste saranno esposte a Villa Brandolini a Pieve di Soligo (Tv) dal 27 novembre al 19 dicembre 2021; durante il <\/span><i><span style=\"font-weight: 400;\">vernissage<\/span><\/i><span style=\"font-weight: 400;\"> saranno proclamati i vincitori alla presenza degli operatori, della stampa e del pubblico.<\/span><\/p>\n<p>&nbsp;<\/p>\n<p><span style=\"font-weight: 400;\">Il Premio \u00e8 promosso da Fondazione Francesco Fabbri e reso possibile grazie al supporto della famiglia Fabbri e alla collaborazione del Comune di Pieve di Soligo. La rassegna gode del patrocinio di Landscapes Stories, Lago Film Fest e TRA (Treviso Ricerca Arte).\u00a0<\/span><\/p>\n<p>&nbsp;<\/p>\n<p><span style=\"font-weight: 400;\">Per ulteriori info:<\/span><\/p>\n<p><span style=\"font-weight: 400;\">premio@fondazionefrancescofabbri.it<\/span><\/p>\n<p>&nbsp;<\/p>\n<p><span style=\"font-weight: 400;\">Fondazione Francesco Fabbri Onlus<\/span><\/p>\n<p><span style=\"font-weight: 400;\">Via Fabbri n\u00b0 16 &#8211; Solighetto<\/span><\/p>\n<p><span style=\"font-weight: 400;\">31053 Pieve di Soligo (TV)<\/span>[\/vc_column_text][\/vc_column][vc_column width=&#8221;1\/3&#8243;][vc_wp_custommenu nav_menu=&#8221;46&#8243; title=&#8221;Approfondimenti&#8221;][vc_wp_custommenu nav_menu=&#8221;15&#8243; title=&#8221;Progetti&#8221;][\/vc_column][\/vc_row]<\/p>\n<\/section>","protected":false},"excerpt":{"rendered":"<p>[vc_row][vc_column width=&#8221;2\/3&#8243;][vc_column_text el_class=&#8221;titolo&#8221;]Premio Francesco Fabbri 2021[\/vc_column_text][vc_single_image image=&#8221;3143&#8243; img_size=&#8221;full&#8221;][vc_column_text]<br \/>\nPREMIO FRANCESCO FABBRI\u00a0<br \/>\nParte la decima edizione del Premio dedicato<br \/>\n\u00a0all\u2019Arte emergente e alla Fotografia contemporanea<br \/>\n&nbsp;<br \/>\n&nbsp;<br \/>\n&nbsp;<br \/>\nIl 14 giugno <\/p>\n","protected":false},"author":8,"featured_media":3088,"parent":95,"menu_order":0,"comment_status":"closed","ping_status":"closed","template":"","meta":[],"acf":[],"yoast_head":"<!-- This site is optimized with the Yoast SEO plugin v20.8 - https:\/\/yoast.com\/wordpress\/plugins\/seo\/ -->\n<title>Premio Francesco Fabbri 2021 - Fondazione Francesco Fabbri<\/title>\n<meta name=\"robots\" content=\"index, follow, max-snippet:-1, max-image-preview:large, max-video-preview:-1\" \/>\n<link rel=\"canonical\" href=\"https:\/\/www.fondazionefrancescofabbri.it\/it\/arti\/premio-francesco-fabbri-2021\/\" \/>\n<meta property=\"og:locale\" content=\"it_IT\" \/>\n<meta property=\"og:type\" content=\"article\" \/>\n<meta property=\"og:title\" content=\"Premio Francesco Fabbri 2021 - Fondazione Francesco Fabbri\" \/>\n<meta property=\"og:description\" content=\"[vc_row][vc_column width=&#8221;2\/3&#8243;][vc_column_text el_class=&#8221;titolo&#8221;]Premio Francesco Fabbri 2021[\/vc_column_text][vc_single_image image=&#8221;3143&#8243; img_size=&#8221;full&#8221;][vc_column_text] PREMIO FRANCESCO FABBRI\u00a0 Parte la decima edizione del Premio dedicato \u00a0all\u2019Arte emergente e alla Fotografia contemporanea &nbsp; &nbsp; &nbsp; Il 14 giugno\" \/>\n<meta property=\"og:url\" content=\"https:\/\/www.fondazionefrancescofabbri.it\/it\/arti\/premio-francesco-fabbri-2021\/\" \/>\n<meta property=\"og:site_name\" content=\"Fondazione Francesco Fabbri\" \/>\n<meta property=\"article:modified_time\" content=\"2022-05-06T07:54:34+00:00\" \/>\n<meta property=\"og:image\" content=\"https:\/\/www.fondazionefrancescofabbri.it\/wp-content\/uploads\/2021\/06\/V2-1-1024x652.gif\" \/>\n\t<meta property=\"og:image:width\" content=\"1024\" \/>\n\t<meta property=\"og:image:height\" content=\"652\" \/>\n\t<meta property=\"og:image:type\" content=\"image\/gif\" \/>\n<meta name=\"twitter:card\" content=\"summary_large_image\" \/>\n<meta name=\"twitter:label1\" content=\"Tempo di lettura stimato\" \/>\n\t<meta name=\"twitter:data1\" content=\"2 minuti\" \/>\n<script type=\"application\/ld+json\" class=\"yoast-schema-graph\">{\"@context\":\"https:\/\/schema.org\",\"@graph\":[{\"@type\":\"WebPage\",\"@id\":\"https:\/\/www.fondazionefrancescofabbri.it\/it\/arti\/premio-francesco-fabbri-2021\/\",\"url\":\"https:\/\/www.fondazionefrancescofabbri.it\/it\/arti\/premio-francesco-fabbri-2021\/\",\"name\":\"Premio Francesco Fabbri 2021 - Fondazione Francesco Fabbri\",\"isPartOf\":{\"@id\":\"https:\/\/www.fondazionefrancescofabbri.it\/en\/#website\"},\"datePublished\":\"2021-06-12T12:19:51+00:00\",\"dateModified\":\"2022-05-06T07:54:34+00:00\",\"breadcrumb\":{\"@id\":\"https:\/\/www.fondazionefrancescofabbri.it\/it\/arti\/premio-francesco-fabbri-2021\/#breadcrumb\"},\"inLanguage\":\"it-IT\",\"potentialAction\":[{\"@type\":\"ReadAction\",\"target\":[\"https:\/\/www.fondazionefrancescofabbri.it\/it\/arti\/premio-francesco-fabbri-2021\/\"]}]},{\"@type\":\"BreadcrumbList\",\"@id\":\"https:\/\/www.fondazionefrancescofabbri.it\/it\/arti\/premio-francesco-fabbri-2021\/#breadcrumb\",\"itemListElement\":[{\"@type\":\"ListItem\",\"position\":1,\"name\":\"Home\",\"item\":\"https:\/\/www.fondazionefrancescofabbri.it\/it\/\"},{\"@type\":\"ListItem\",\"position\":2,\"name\":\"Arti\",\"item\":\"https:\/\/www.fondazionefrancescofabbri.it\/it\/arti\/\"},{\"@type\":\"ListItem\",\"position\":3,\"name\":\"Premio Francesco Fabbri 2021\"}]},{\"@type\":\"WebSite\",\"@id\":\"https:\/\/www.fondazionefrancescofabbri.it\/en\/#website\",\"url\":\"https:\/\/www.fondazionefrancescofabbri.it\/en\/\",\"name\":\"Fondazione Francesco Fabbri\",\"description\":\"Just another WordPress site\",\"potentialAction\":[{\"@type\":\"SearchAction\",\"target\":{\"@type\":\"EntryPoint\",\"urlTemplate\":\"https:\/\/www.fondazionefrancescofabbri.it\/en\/?s={search_term_string}\"},\"query-input\":\"required name=search_term_string\"}],\"inLanguage\":\"it-IT\"}]}<\/script>\n<!-- \/ Yoast SEO plugin. -->","yoast_head_json":{"title":"Premio Francesco Fabbri 2021 - Fondazione Francesco Fabbri","robots":{"index":"index","follow":"follow","max-snippet":"max-snippet:-1","max-image-preview":"max-image-preview:large","max-video-preview":"max-video-preview:-1"},"canonical":"https:\/\/www.fondazionefrancescofabbri.it\/it\/arti\/premio-francesco-fabbri-2021\/","og_locale":"it_IT","og_type":"article","og_title":"Premio Francesco Fabbri 2021 - Fondazione Francesco Fabbri","og_description":"[vc_row][vc_column width=&#8221;2\/3&#8243;][vc_column_text el_class=&#8221;titolo&#8221;]Premio Francesco Fabbri 2021[\/vc_column_text][vc_single_image image=&#8221;3143&#8243; img_size=&#8221;full&#8221;][vc_column_text] PREMIO FRANCESCO FABBRI\u00a0 Parte la decima edizione del Premio dedicato \u00a0all\u2019Arte emergente e alla Fotografia contemporanea &nbsp; &nbsp; &nbsp; Il 14 giugno","og_url":"https:\/\/www.fondazionefrancescofabbri.it\/it\/arti\/premio-francesco-fabbri-2021\/","og_site_name":"Fondazione Francesco Fabbri","article_modified_time":"2022-05-06T07:54:34+00:00","og_image":[{"width":1024,"height":652,"url":"https:\/\/www.fondazionefrancescofabbri.it\/wp-content\/uploads\/2021\/06\/V2-1-1024x652.gif","type":"image\/gif"}],"twitter_card":"summary_large_image","twitter_misc":{"Tempo di lettura stimato":"2 minuti"},"schema":{"@context":"https:\/\/schema.org","@graph":[{"@type":"WebPage","@id":"https:\/\/www.fondazionefrancescofabbri.it\/it\/arti\/premio-francesco-fabbri-2021\/","url":"https:\/\/www.fondazionefrancescofabbri.it\/it\/arti\/premio-francesco-fabbri-2021\/","name":"Premio Francesco Fabbri 2021 - Fondazione Francesco Fabbri","isPartOf":{"@id":"https:\/\/www.fondazionefrancescofabbri.it\/en\/#website"},"datePublished":"2021-06-12T12:19:51+00:00","dateModified":"2022-05-06T07:54:34+00:00","breadcrumb":{"@id":"https:\/\/www.fondazionefrancescofabbri.it\/it\/arti\/premio-francesco-fabbri-2021\/#breadcrumb"},"inLanguage":"it-IT","potentialAction":[{"@type":"ReadAction","target":["https:\/\/www.fondazionefrancescofabbri.it\/it\/arti\/premio-francesco-fabbri-2021\/"]}]},{"@type":"BreadcrumbList","@id":"https:\/\/www.fondazionefrancescofabbri.it\/it\/arti\/premio-francesco-fabbri-2021\/#breadcrumb","itemListElement":[{"@type":"ListItem","position":1,"name":"Home","item":"https:\/\/www.fondazionefrancescofabbri.it\/it\/"},{"@type":"ListItem","position":2,"name":"Arti","item":"https:\/\/www.fondazionefrancescofabbri.it\/it\/arti\/"},{"@type":"ListItem","position":3,"name":"Premio Francesco Fabbri 2021"}]},{"@type":"WebSite","@id":"https:\/\/www.fondazionefrancescofabbri.it\/en\/#website","url":"https:\/\/www.fondazionefrancescofabbri.it\/en\/","name":"Fondazione Francesco Fabbri","description":"Just another WordPress site","potentialAction":[{"@type":"SearchAction","target":{"@type":"EntryPoint","urlTemplate":"https:\/\/www.fondazionefrancescofabbri.it\/en\/?s={search_term_string}"},"query-input":"required name=search_term_string"}],"inLanguage":"it-IT"}]}},"_links":{"self":[{"href":"https:\/\/www.fondazionefrancescofabbri.it\/it\/wp-json\/wp\/v2\/pages\/3009"}],"collection":[{"href":"https:\/\/www.fondazionefrancescofabbri.it\/it\/wp-json\/wp\/v2\/pages"}],"about":[{"href":"https:\/\/www.fondazionefrancescofabbri.it\/it\/wp-json\/wp\/v2\/types\/page"}],"author":[{"embeddable":true,"href":"https:\/\/www.fondazionefrancescofabbri.it\/it\/wp-json\/wp\/v2\/users\/8"}],"replies":[{"embeddable":true,"href":"https:\/\/www.fondazionefrancescofabbri.it\/it\/wp-json\/wp\/v2\/comments?post=3009"}],"version-history":[{"count":8,"href":"https:\/\/www.fondazionefrancescofabbri.it\/it\/wp-json\/wp\/v2\/pages\/3009\/revisions"}],"predecessor-version":[{"id":3358,"href":"https:\/\/www.fondazionefrancescofabbri.it\/it\/wp-json\/wp\/v2\/pages\/3009\/revisions\/3358"}],"up":[{"embeddable":true,"href":"https:\/\/www.fondazionefrancescofabbri.it\/it\/wp-json\/wp\/v2\/pages\/95"}],"wp:featuredmedia":[{"embeddable":true,"href":"https:\/\/www.fondazionefrancescofabbri.it\/it\/wp-json\/wp\/v2\/media\/3088"}],"wp:attachment":[{"href":"https:\/\/www.fondazionefrancescofabbri.it\/it\/wp-json\/wp\/v2\/media?parent=3009"}],"curies":[{"name":"wp","href":"https:\/\/api.w.org\/{rel}","templated":true}]}}

<section class="wpb-content-wrapper"><p>[vc_row][vc_column width=&#8221;2/3&#8243;][vc_column_text el_class=&#8221;titolo&#8221;]Premio Francesco Fabbri 2021[/vc_column_text][vc_single_image image=&#8221;3143&#8243; img_size=&#8221;full&#8221;][vc_column_text]</p>
<p style="text-align: center;"><b>PREMIO FRANCESCO FABBRI </b></p>
<p style="text-align: center;"><strong>Parte la decima edizione del Premio dedicato</strong></p>
<p style="text-align: center;"><strong> all’Arte emergente e alla Fotografia contemporanea</strong></p>
<p>&nbsp;</p>
<p>&nbsp;</p>
<p>&nbsp;</p>
<p><span style="font-weight: 400;">Il </span><b>14 giugno </b><span style="font-weight: 400;">2021 si apre il bando della decima edizione del </span><b>Premio Francesco Fabbri per le Arti Contemporanee</b><span style="font-weight: 400;">, una manifestazione che vuole essere un punto di riferimento per gli operatori e il pubblico che rivolgono la loro attenzione alle istanze di ricerca nell&#8217;arte contemporanea.</span></p>
<p>&nbsp;</p>
<p><span style="font-weight: 400;">Il Premio anche quest&#8217;anno si articola in due sezioni: </span><b>Arte emergente</b><span style="font-weight: 400;"> e </span><b>Fotografia contemporanea</b><span style="font-weight: 400;">. La prima è dedicata agli autori under 35 che, secondo una logica intermediale, potranno partecipare con ogni forma creativa visiva: dalla pittura all’installazione, dalla fotografia alla videoarte, dalla performance e sound art fino al disegno e alla grafica. </span></p>
<p><span style="font-weight: 400;">La seconda sezione invece, priva di limiti anagrafici, è dedicata alla Fotografia contemporanea attraverso una varietà di concezioni dello specifico medium, in continuità con l&#8217;attività di Fondazione Francesco Fabbri che promuove il Festival </span><i><span style="font-weight: 400;">F4 / un&#8217;idea di Fotografia </span></i><span style="font-weight: 400;">ed il Master in Photography dell&#8217;Università IUAV. A entrambe le sezioni potranno partecipare autori da ogni paese del mondo. </span></p>
<p>&nbsp;</p>
<p><span style="font-weight: 400;">Il bando rimarrà aperto dal </span><b>14 giugno</b><span style="font-weight: 400;"> al </span><b>26 settembre 2021</b><span style="font-weight: 400;"> e gli artisti potranno iscriversi via web o tramite posta ordinaria. I due </span><b>vincitori</b><span style="font-weight: 400;"> riceveranno un premio acquisto di </span><b>5.000 euro</b><span style="font-weight: 400;"> ciascuno, le opere entreranno nella collezione permanente di Fondazione Francesco Fabbri e saranno custodite nel centro residenziale di Casa Fabbri. </span></p>
<p>&nbsp;</p>
<p><span style="font-weight: 400;">Il premio, curato da </span><b>Carlo Sala</b><span style="font-weight: 400;">, gode di una prestigiosa giuria composta da critici e curatori, quali </span><b>Lorenzo Balbi, Daniele De Luigi, Rossella Farinotti, Antonio Grulli, Francesca Lazzarini, Giangavino Pazzola, Stefano Raimondi e Valentina Tanni.</b></p>
<p>&nbsp;</p>
<p><span style="font-weight: 400;">Le opere finaliste saranno esposte a Villa Brandolini a Pieve di Soligo (Tv) dal 27 novembre al 19 dicembre 2021; durante il </span><i><span style="font-weight: 400;">vernissage</span></i><span style="font-weight: 400;"> saranno proclamati i vincitori alla presenza degli operatori, della stampa e del pubblico.</span></p>
<p>&nbsp;</p>
<p><span style="font-weight: 400;">Il Premio è promosso da Fondazione Francesco Fabbri e reso possibile grazie al supporto della famiglia Fabbri e alla collaborazione del Comune di Pieve di Soligo. La rassegna gode del patrocinio di Landscapes Stories, Lago Film Fest e TRA (Treviso Ricerca Arte). </span></p>
<p>&nbsp;</p>
<p><span style="font-weight: 400;">Per ulteriori info:</span></p>
<p><span style="font-weight: 400;">premio@fondazionefrancescofabbri.it</span></p>
<p>&nbsp;</p>
<p><span style="font-weight: 400;">Fondazione Francesco Fabbri Onlus</span></p>
<p><span style="font-weight: 400;">Via Fabbri n° 16 &#8211; Solighetto</span></p>
<p><span style="font-weight: 400;">31053 Pieve di Soligo (TV)</span>[/vc_column_text][/vc_column][vc_column width=&#8221;1/3&#8243;][vc_wp_custommenu nav_menu=&#8221;46&#8243; title=&#8221;Approfondimenti&#8221;][vc_wp_custommenu nav_menu=&#8221;15&#8243; title=&#8221;Progetti&#8221;][/vc_column][/vc_row]</p>
</section>
