{"id":425,"date":"2016-05-19T10:24:25","date_gmt":"2016-05-19T10:24:25","guid":{"rendered":"http:\/\/www.fondazionefrancescofabbri.it\/it\/?page_id=425"},"modified":"2016-10-31T14:03:20","modified_gmt":"2016-10-31T14:03:20","slug":"premio-francesco-fabbri-2015","status":"publish","type":"page","link":"https:\/\/www.fondazionefrancescofabbri.it\/it\/arti\/premio-francesco-fabbri-2015\/","title":{"rendered":"Premio Francesco Fabbri 2015"},"content":{"rendered":"<section class=\"wpb-content-wrapper\"><p>[vc_row][vc_column width=&#8221;2\/3&#8243;][vc_column_text el_class=&#8221;titolo&#8221;]Premio Francesco Fabbri 2015[\/vc_column_text][vc_single_image image=&#8221;192&#8243; img_size=&#8221;full&#8221;][vc_column_text]Il 25 maggio 2015 con l&#8217;apertura del bando parte la quarta edizione del <strong>Premio Francesco Fabbri per le Arti Contemporanee<\/strong>. La manifestazione \u00e8 oramai un punto di riferimento per quegli operatori e pubblico che rivolgono la loro attenzione alle istanze di ricerca nell&#8217;arte contemporanea.<\/p>\n<p>&nbsp;<\/p>\n<p>Il Premio si articola in due sezioni: <strong>Arte emergente<\/strong> e <strong>Fotografia contemporanea<\/strong>. La prima \u00e8 dedicata agli autori under 35 che, secondo una logica intermediale, potranno partecipare con ogni forma creativa visiva: dalla pittura all\u2019installazione, dalla fotografia alla videoarte, dalla performance e sound art fino al disegno e alla grafica.<br \/>\nLa seconda sezione invece, priva di limiti anagrafici, \u00e8 dedicata alla Fotografia contemporanea attraverso una variet\u00e0 di concezioni dello specifico medium, in continuit\u00e0 con l&#8217;attivit\u00e0 di Fondazione Francesco Fabbri che da cinque anni promuove il Festival F4 \/ un&#8217;idea di Fotografia. A entrambe le sezioni potranno partecipare autori da ogni paese del mondo.<\/p>\n<p>&nbsp;<\/p>\n<p>Lo scenario attuale sempre pi\u00f9 variegato ed in continuo divenire vede un sistema dell&#8217;arte che si snoda attraverso una pluralit\u00e0 di proposte e interlocutori. Una manifestazione come il Premio Francesco Fabbri per le Arti Contemporanee ambisce a creare un punto di vista privilegiato sulle ricerche sintomatiche del presente: giunto alla quarta edizione vuole essere un radar capace di segnalare i processi in atto compiendo opera di scouting, con la consapevolezza di muoversi in un terreno ibrido fatto di interconnessioni tra linguaggi e saperi.<\/p>\n<p>&nbsp;<\/p>\n<p>Il <strong>bando<\/strong> rimarr\u00e0 aperto dal <strong>25 maggio<\/strong> al <strong>7 settembre<\/strong> 2015 e gli artisti potranno iscriversi via web o tramite posta ordinaria. I due vincitori riceveranno un premio acquisto di 5.000 euro ciascuno, le opere entreranno nella collezione permanente di Fondazione Francesco Fabbri e saranno custodite nel centro residenziale di Casa Fabbri.<br \/>\nTra i sessanta finalisti verr\u00e0 attribuito anche il Premio Acquisto Rotary Club di Asolo e Pedemontana del Grappa dell&#8217;ammontare di 2.500 euro, per sostenere il lavoro di un giovane artista la cui ricerca si distingua per capacit\u00e0 innovativa.<br \/>\nLa giuria inoltre attribuir\u00e0 delle menzioni speciali della critica, per segnalare alcune opere particolarmente valenti e favorirne una visibilit\u00e0 sulla stampa di settore.<\/p>\n<p>&nbsp;<\/p>\n<p>Il premio, curato da <strong>Carlo Sala<\/strong>, gode di una prestigiosa giuria composta da critici e curatori, quali <strong>Andrea Bruciati, Stefano Coletto, Daniele De Luigi, Simone Frangi, Walter Guadagnini, Francesca Lazzarini, Marinella Paderni e Alessandro Rabottini<\/strong>.<\/p>\n<p>&nbsp;<\/p>\n<p>Le opere finaliste saranno esposte a Villa Brandolini a Pieve di Soligo (Tv) dal 28 novembre al 20 dicembre 2015; durante il vernissage saranno proclamati i vincitori alla presenza degli operatori, della stampa e del pubblico.<\/p>\n<p>&nbsp;<\/p>\n<p>Info:<br \/>\n<a href=\"mailto:premio@fondazionefrancescofabbri.it\">premio@fondazionefrancescofabbri.it<\/a>[\/vc_column_text][\/vc_column][vc_column width=&#8221;1\/3&#8243;][vc_wp_custommenu nav_menu=&#8221;18&#8243; title=&#8221;Approfondimenti&#8221;][vc_wp_custommenu nav_menu=&#8221;15&#8243; title=&#8221;Progetti in corso&#8221;][\/vc_column][\/vc_row]<\/p>\n<\/section>","protected":false},"excerpt":{"rendered":"<p>[vc_row][vc_column width=&#8221;2\/3&#8243;][vc_column_text el_class=&#8221;titolo&#8221;]Premio Francesco Fabbri 2015[\/vc_column_text][vc_single_image image=&#8221;192&#8243; img_size=&#8221;full&#8221;][vc_column_text]Il 25 maggio 2015 con l&#8217;apertura del bando parte la quarta edizione del Premio Francesco Fabbri per le Arti Contemporanee. La manifestazione \u00e8 <\/p>\n","protected":false},"author":3,"featured_media":192,"parent":95,"menu_order":0,"comment_status":"closed","ping_status":"closed","template":"","meta":[],"acf":[],"yoast_head":"<!-- This site is optimized with the Yoast SEO plugin v20.8 - https:\/\/yoast.com\/wordpress\/plugins\/seo\/ -->\n<title>Premio Francesco Fabbri 2015 - Fondazione Francesco Fabbri<\/title>\n<meta name=\"robots\" content=\"index, follow, max-snippet:-1, max-image-preview:large, max-video-preview:-1\" \/>\n<link rel=\"canonical\" href=\"https:\/\/www.fondazionefrancescofabbri.it\/it\/arti\/premio-francesco-fabbri-2015\/\" \/>\n<meta property=\"og:locale\" content=\"it_IT\" \/>\n<meta property=\"og:type\" content=\"article\" \/>\n<meta property=\"og:title\" content=\"Premio Francesco Fabbri 2015 - Fondazione Francesco Fabbri\" \/>\n<meta property=\"og:description\" content=\"[vc_row][vc_column width=&#8221;2\/3&#8243;][vc_column_text el_class=&#8221;titolo&#8221;]Premio Francesco Fabbri 2015[\/vc_column_text][vc_single_image image=&#8221;192&#8243; img_size=&#8221;full&#8221;][vc_column_text]Il 25 maggio 2015 con l&#8217;apertura del bando parte la quarta edizione del Premio Francesco Fabbri per le Arti Contemporanee. La manifestazione \u00e8\" \/>\n<meta property=\"og:url\" content=\"https:\/\/www.fondazionefrancescofabbri.it\/it\/arti\/premio-francesco-fabbri-2015\/\" \/>\n<meta property=\"og:site_name\" content=\"Fondazione Francesco Fabbri\" \/>\n<meta property=\"article:modified_time\" content=\"2016-10-31T14:03:20+00:00\" \/>\n<meta property=\"og:image\" content=\"https:\/\/www.fondazionefrancescofabbri.it\/wp-content\/uploads\/2016\/03\/premio-francesco-fabbri-2015.jpg\" \/>\n\t<meta property=\"og:image:width\" content=\"768\" \/>\n\t<meta property=\"og:image:height\" content=\"480\" \/>\n\t<meta property=\"og:image:type\" content=\"image\/jpeg\" \/>\n<meta name=\"twitter:card\" content=\"summary_large_image\" \/>\n<meta name=\"twitter:label1\" content=\"Tempo di lettura stimato\" \/>\n\t<meta name=\"twitter:data1\" content=\"2 minuti\" \/>\n<script type=\"application\/ld+json\" class=\"yoast-schema-graph\">{\"@context\":\"https:\/\/schema.org\",\"@graph\":[{\"@type\":\"WebPage\",\"@id\":\"https:\/\/www.fondazionefrancescofabbri.it\/it\/arti\/premio-francesco-fabbri-2015\/\",\"url\":\"https:\/\/www.fondazionefrancescofabbri.it\/it\/arti\/premio-francesco-fabbri-2015\/\",\"name\":\"Premio Francesco Fabbri 2015 - Fondazione Francesco Fabbri\",\"isPartOf\":{\"@id\":\"https:\/\/www.fondazionefrancescofabbri.it\/en\/#website\"},\"datePublished\":\"2016-05-19T10:24:25+00:00\",\"dateModified\":\"2016-10-31T14:03:20+00:00\",\"breadcrumb\":{\"@id\":\"https:\/\/www.fondazionefrancescofabbri.it\/it\/arti\/premio-francesco-fabbri-2015\/#breadcrumb\"},\"inLanguage\":\"it-IT\",\"potentialAction\":[{\"@type\":\"ReadAction\",\"target\":[\"https:\/\/www.fondazionefrancescofabbri.it\/it\/arti\/premio-francesco-fabbri-2015\/\"]}]},{\"@type\":\"BreadcrumbList\",\"@id\":\"https:\/\/www.fondazionefrancescofabbri.it\/it\/arti\/premio-francesco-fabbri-2015\/#breadcrumb\",\"itemListElement\":[{\"@type\":\"ListItem\",\"position\":1,\"name\":\"Home\",\"item\":\"https:\/\/www.fondazionefrancescofabbri.it\/it\/\"},{\"@type\":\"ListItem\",\"position\":2,\"name\":\"Arti\",\"item\":\"https:\/\/www.fondazionefrancescofabbri.it\/it\/arti\/\"},{\"@type\":\"ListItem\",\"position\":3,\"name\":\"Premio Francesco Fabbri 2015\"}]},{\"@type\":\"WebSite\",\"@id\":\"https:\/\/www.fondazionefrancescofabbri.it\/en\/#website\",\"url\":\"https:\/\/www.fondazionefrancescofabbri.it\/en\/\",\"name\":\"Fondazione Francesco Fabbri\",\"description\":\"Just another WordPress site\",\"potentialAction\":[{\"@type\":\"SearchAction\",\"target\":{\"@type\":\"EntryPoint\",\"urlTemplate\":\"https:\/\/www.fondazionefrancescofabbri.it\/en\/?s={search_term_string}\"},\"query-input\":\"required name=search_term_string\"}],\"inLanguage\":\"it-IT\"}]}<\/script>\n<!-- \/ Yoast SEO plugin. -->","yoast_head_json":{"title":"Premio Francesco Fabbri 2015 - Fondazione Francesco Fabbri","robots":{"index":"index","follow":"follow","max-snippet":"max-snippet:-1","max-image-preview":"max-image-preview:large","max-video-preview":"max-video-preview:-1"},"canonical":"https:\/\/www.fondazionefrancescofabbri.it\/it\/arti\/premio-francesco-fabbri-2015\/","og_locale":"it_IT","og_type":"article","og_title":"Premio Francesco Fabbri 2015 - Fondazione Francesco Fabbri","og_description":"[vc_row][vc_column width=&#8221;2\/3&#8243;][vc_column_text el_class=&#8221;titolo&#8221;]Premio Francesco Fabbri 2015[\/vc_column_text][vc_single_image image=&#8221;192&#8243; img_size=&#8221;full&#8221;][vc_column_text]Il 25 maggio 2015 con l&#8217;apertura del bando parte la quarta edizione del Premio Francesco Fabbri per le Arti Contemporanee. La manifestazione \u00e8","og_url":"https:\/\/www.fondazionefrancescofabbri.it\/it\/arti\/premio-francesco-fabbri-2015\/","og_site_name":"Fondazione Francesco Fabbri","article_modified_time":"2016-10-31T14:03:20+00:00","og_image":[{"width":768,"height":480,"url":"https:\/\/www.fondazionefrancescofabbri.it\/wp-content\/uploads\/2016\/03\/premio-francesco-fabbri-2015.jpg","type":"image\/jpeg"}],"twitter_card":"summary_large_image","twitter_misc":{"Tempo di lettura stimato":"2 minuti"},"schema":{"@context":"https:\/\/schema.org","@graph":[{"@type":"WebPage","@id":"https:\/\/www.fondazionefrancescofabbri.it\/it\/arti\/premio-francesco-fabbri-2015\/","url":"https:\/\/www.fondazionefrancescofabbri.it\/it\/arti\/premio-francesco-fabbri-2015\/","name":"Premio Francesco Fabbri 2015 - Fondazione Francesco Fabbri","isPartOf":{"@id":"https:\/\/www.fondazionefrancescofabbri.it\/en\/#website"},"datePublished":"2016-05-19T10:24:25+00:00","dateModified":"2016-10-31T14:03:20+00:00","breadcrumb":{"@id":"https:\/\/www.fondazionefrancescofabbri.it\/it\/arti\/premio-francesco-fabbri-2015\/#breadcrumb"},"inLanguage":"it-IT","potentialAction":[{"@type":"ReadAction","target":["https:\/\/www.fondazionefrancescofabbri.it\/it\/arti\/premio-francesco-fabbri-2015\/"]}]},{"@type":"BreadcrumbList","@id":"https:\/\/www.fondazionefrancescofabbri.it\/it\/arti\/premio-francesco-fabbri-2015\/#breadcrumb","itemListElement":[{"@type":"ListItem","position":1,"name":"Home","item":"https:\/\/www.fondazionefrancescofabbri.it\/it\/"},{"@type":"ListItem","position":2,"name":"Arti","item":"https:\/\/www.fondazionefrancescofabbri.it\/it\/arti\/"},{"@type":"ListItem","position":3,"name":"Premio Francesco Fabbri 2015"}]},{"@type":"WebSite","@id":"https:\/\/www.fondazionefrancescofabbri.it\/en\/#website","url":"https:\/\/www.fondazionefrancescofabbri.it\/en\/","name":"Fondazione Francesco Fabbri","description":"Just another WordPress site","potentialAction":[{"@type":"SearchAction","target":{"@type":"EntryPoint","urlTemplate":"https:\/\/www.fondazionefrancescofabbri.it\/en\/?s={search_term_string}"},"query-input":"required name=search_term_string"}],"inLanguage":"it-IT"}]}},"_links":{"self":[{"href":"https:\/\/www.fondazionefrancescofabbri.it\/it\/wp-json\/wp\/v2\/pages\/425"}],"collection":[{"href":"https:\/\/www.fondazionefrancescofabbri.it\/it\/wp-json\/wp\/v2\/pages"}],"about":[{"href":"https:\/\/www.fondazionefrancescofabbri.it\/it\/wp-json\/wp\/v2\/types\/page"}],"author":[{"embeddable":true,"href":"https:\/\/www.fondazionefrancescofabbri.it\/it\/wp-json\/wp\/v2\/users\/3"}],"replies":[{"embeddable":true,"href":"https:\/\/www.fondazionefrancescofabbri.it\/it\/wp-json\/wp\/v2\/comments?post=425"}],"version-history":[{"count":11,"href":"https:\/\/www.fondazionefrancescofabbri.it\/it\/wp-json\/wp\/v2\/pages\/425\/revisions"}],"predecessor-version":[{"id":1101,"href":"https:\/\/www.fondazionefrancescofabbri.it\/it\/wp-json\/wp\/v2\/pages\/425\/revisions\/1101"}],"up":[{"embeddable":true,"href":"https:\/\/www.fondazionefrancescofabbri.it\/it\/wp-json\/wp\/v2\/pages\/95"}],"wp:featuredmedia":[{"embeddable":true,"href":"https:\/\/www.fondazionefrancescofabbri.it\/it\/wp-json\/wp\/v2\/media\/192"}],"wp:attachment":[{"href":"https:\/\/www.fondazionefrancescofabbri.it\/it\/wp-json\/wp\/v2\/media?parent=425"}],"curies":[{"name":"wp","href":"https:\/\/api.w.org\/{rel}","templated":true}]}}

<section class="wpb-content-wrapper"><p>[vc_row][vc_column width=&#8221;2/3&#8243;][vc_column_text el_class=&#8221;titolo&#8221;]Premio Francesco Fabbri 2015[/vc_column_text][vc_single_image image=&#8221;192&#8243; img_size=&#8221;full&#8221;][vc_column_text]Il 25 maggio 2015 con l&#8217;apertura del bando parte la quarta edizione del <strong>Premio Francesco Fabbri per le Arti Contemporanee</strong>. La manifestazione è oramai un punto di riferimento per quegli operatori e pubblico che rivolgono la loro attenzione alle istanze di ricerca nell&#8217;arte contemporanea.</p>
<p>&nbsp;</p>
<p>Il Premio si articola in due sezioni: <strong>Arte emergente</strong> e <strong>Fotografia contemporanea</strong>. La prima è dedicata agli autori under 35 che, secondo una logica intermediale, potranno partecipare con ogni forma creativa visiva: dalla pittura all’installazione, dalla fotografia alla videoarte, dalla performance e sound art fino al disegno e alla grafica.<br />
La seconda sezione invece, priva di limiti anagrafici, è dedicata alla Fotografia contemporanea attraverso una varietà di concezioni dello specifico medium, in continuità con l&#8217;attività di Fondazione Francesco Fabbri che da cinque anni promuove il Festival F4 / un&#8217;idea di Fotografia. A entrambe le sezioni potranno partecipare autori da ogni paese del mondo.</p>
<p>&nbsp;</p>
<p>Lo scenario attuale sempre più variegato ed in continuo divenire vede un sistema dell&#8217;arte che si snoda attraverso una pluralità di proposte e interlocutori. Una manifestazione come il Premio Francesco Fabbri per le Arti Contemporanee ambisce a creare un punto di vista privilegiato sulle ricerche sintomatiche del presente: giunto alla quarta edizione vuole essere un radar capace di segnalare i processi in atto compiendo opera di scouting, con la consapevolezza di muoversi in un terreno ibrido fatto di interconnessioni tra linguaggi e saperi.</p>
<p>&nbsp;</p>
<p>Il <strong>bando</strong> rimarrà aperto dal <strong>25 maggio</strong> al <strong>7 settembre</strong> 2015 e gli artisti potranno iscriversi via web o tramite posta ordinaria. I due vincitori riceveranno un premio acquisto di 5.000 euro ciascuno, le opere entreranno nella collezione permanente di Fondazione Francesco Fabbri e saranno custodite nel centro residenziale di Casa Fabbri.<br />
Tra i sessanta finalisti verrà attribuito anche il Premio Acquisto Rotary Club di Asolo e Pedemontana del Grappa dell&#8217;ammontare di 2.500 euro, per sostenere il lavoro di un giovane artista la cui ricerca si distingua per capacità innovativa.<br />
La giuria inoltre attribuirà delle menzioni speciali della critica, per segnalare alcune opere particolarmente valenti e favorirne una visibilità sulla stampa di settore.</p>
<p>&nbsp;</p>
<p>Il premio, curato da <strong>Carlo Sala</strong>, gode di una prestigiosa giuria composta da critici e curatori, quali <strong>Andrea Bruciati, Stefano Coletto, Daniele De Luigi, Simone Frangi, Walter Guadagnini, Francesca Lazzarini, Marinella Paderni e Alessandro Rabottini</strong>.</p>
<p>&nbsp;</p>
<p>Le opere finaliste saranno esposte a Villa Brandolini a Pieve di Soligo (Tv) dal 28 novembre al 20 dicembre 2015; durante il vernissage saranno proclamati i vincitori alla presenza degli operatori, della stampa e del pubblico.</p>
<p>&nbsp;</p>
<p>Info:<br />
<a href="mailto:premio@fondazionefrancescofabbri.it">premio@fondazionefrancescofabbri.it</a>[/vc_column_text][/vc_column][vc_column width=&#8221;1/3&#8243;][vc_wp_custommenu nav_menu=&#8221;18&#8243; title=&#8221;Approfondimenti&#8221;][vc_wp_custommenu nav_menu=&#8221;15&#8243; title=&#8221;Progetti in corso&#8221;][/vc_column][/vc_row]</p>
</section>

<p>[vc_row][vc_column width=&#8221;2/3&#8243;][vc_column_text el_class=&#8221;titolo&#8221;]Premio Francesco Fabbri 2015[/vc_column_text][vc_single_image image=&#8221;192&#8243; img_size=&#8221;full&#8221;][vc_column_text]Il 25 maggio 2015 con l&#8217;apertura del bando parte la quarta edizione del Premio Francesco Fabbri per le Arti Contemporanee. La manifestazione è </p>

<!-- This site is optimized with the Yoast SEO plugin v20.8 - https://yoast.com/wordpress/plugins/seo/ -->
<title>Premio Francesco Fabbri 2015 - Fondazione Francesco Fabbri</title>
<meta name="robots" content="index, follow, max-snippet:-1, max-image-preview:large, max-video-preview:-1" />
<link rel="canonical" href="https://www.fondazionefrancescofabbri.it/it/arti/premio-francesco-fabbri-2015/" />
<meta property="og:locale" content="it_IT" />
<meta property="og:type" content="article" />
<meta property="og:title" content="Premio Francesco Fabbri 2015 - Fondazione Francesco Fabbri" />
<meta property="og:description" content="[vc_row][vc_column width=&#8221;2/3&#8243;][vc_column_text el_class=&#8221;titolo&#8221;]Premio Francesco Fabbri 2015[/vc_column_text][vc_single_image image=&#8221;192&#8243; img_size=&#8221;full&#8221;][vc_column_text]Il 25 maggio 2015 con l&#8217;apertura del bando parte la quarta edizione del Premio Francesco Fabbri per le Arti Contemporanee. La manifestazione è" />
<meta property="og:url" content="https://www.fondazionefrancescofabbri.it/it/arti/premio-francesco-fabbri-2015/" />
<meta property="og:site_name" content="Fondazione Francesco Fabbri" />
<meta property="article:modified_time" content="2016-10-31T14:03:20+00:00" />
<meta property="og:image" content="https://www.fondazionefrancescofabbri.it/wp-content/uploads/2016/03/premio-francesco-fabbri-2015.jpg" />
	<meta property="og:image:width" content="768" />
	<meta property="og:image:height" content="480" />
	<meta property="og:image:type" content="image/jpeg" />
<meta name="twitter:card" content="summary_large_image" />
<meta name="twitter:label1" content="Tempo di lettura stimato" />
	<meta name="twitter:data1" content="2 minuti" />
<script type="application/ld+json" class="yoast-schema-graph">{"@context":"https://schema.org","@graph":[{"@type":"WebPage","@id":"https://www.fondazionefrancescofabbri.it/it/arti/premio-francesco-fabbri-2015/","url":"https://www.fondazionefrancescofabbri.it/it/arti/premio-francesco-fabbri-2015/","name":"Premio Francesco Fabbri 2015 - Fondazione Francesco Fabbri","isPartOf":{"@id":"https://www.fondazionefrancescofabbri.it/en/#website"},"datePublished":"2016-05-19T10:24:25+00:00","dateModified":"2016-10-31T14:03:20+00:00","breadcrumb":{"@id":"https://www.fondazionefrancescofabbri.it/it/arti/premio-francesco-fabbri-2015/#breadcrumb"},"inLanguage":"it-IT","potentialAction":[{"@type":"ReadAction","target":["https://www.fondazionefrancescofabbri.it/it/arti/premio-francesco-fabbri-2015/"]}]},{"@type":"BreadcrumbList","@id":"https://www.fondazionefrancescofabbri.it/it/arti/premio-francesco-fabbri-2015/#breadcrumb","itemListElement":[{"@type":"ListItem","position":1,"name":"Home","item":"https://www.fondazionefrancescofabbri.it/it/"},{"@type":"ListItem","position":2,"name":"Arti","item":"https://www.fondazionefrancescofabbri.it/it/arti/"},{"@type":"ListItem","position":3,"name":"Premio Francesco Fabbri 2015"}]},{"@type":"WebSite","@id":"https://www.fondazionefrancescofabbri.it/en/#website","url":"https://www.fondazionefrancescofabbri.it/en/","name":"Fondazione Francesco Fabbri","description":"Just another WordPress site","potentialAction":[{"@type":"SearchAction","target":{"@type":"EntryPoint","urlTemplate":"https://www.fondazionefrancescofabbri.it/en/?s={search_term_string}"},"query-input":"required name=search_term_string"}],"inLanguage":"it-IT"}]}</script>
<!-- / Yoast SEO plugin. -->

[vc_row][vc_column width=&#8221;2/3&#8243;][vc_column_text el_class=&#8221;titolo&#8221;]Premio Francesco Fabbri 2015[/vc_column_text][vc_single_image image=&#8221;192&#8243; img_size=&#8221;full&#8221;][vc_column_text]Il 25 maggio 2015 con l&#8217;apertura del bando parte la quarta edizione del Premio Francesco Fabbri per le Arti Contemporanee. La manifestazione è
