{"id":558,"date":"2016-06-27T15:12:06","date_gmt":"2016-06-27T15:12:06","guid":{"rendered":"http:\/\/www.fondazionefrancescofabbri.it\/it\/?page_id=558"},"modified":"2019-07-08T06:54:38","modified_gmt":"2019-07-08T06:54:38","slug":"casa-fabbri-reload","status":"publish","type":"page","link":"https:\/\/www.fondazionefrancescofabbri.it\/it\/arti\/casa-fabbri-reload\/","title":{"rendered":"Casa Fabbri Reload"},"content":{"rendered":"<section class=\"wpb-content-wrapper\"><p>[vc_row][vc_column width=&#8221;2\/3&#8243;][vc_column_text el_class=&#8221;titolo&#8221;]Prosegue \u201cCasa Fabbri Reload\u201d, la Open Call di progettazione per ristrutturare la sede operativa di Fondazione Francesco Fabbri[\/vc_column_text][vc_single_image image=&#8221;557&#8243; img_size=&#8221;full&#8221;][vc_column_text]Al fine di consolidare il proprio ruolo di soggetto incubatore e promotore di ricerche, attivit\u00e0 seminariali, processi e piattaforme culturali in grado di interpretare e influenzare i settori pi\u00f9 innovativi della Contemporaneit\u00e0, Fondazione Francesco Fabbri prosegue il progetto\u00a0 \u201cCasa Fabbri Reload\u201d, la Open Call di progettazione finalizzata ad adeguare e ristrutturare il proprio compendio immobiliare di Casa Fabbri.<\/p>\n<p>&nbsp;<\/p>\n<p>La Open Call \u00e8 promossa in condivisione con il Comune di Pieve di Soligo.<\/p>\n<p>&nbsp;<\/p>\n<p>Casa Fabbri \u00e8 gi\u00e0 oggi il \u201cquartier generale\u201d di Fondazione e gli interventi previsti nella Open Call di progettazione devono poter garantire la sua definitiva trasformazione in \u201cresidenza temporanea\u201d per studiosi, creativi, ricercatori e soggetti coinvolti nelle attivit\u00e0 progettuali che richiedono ospitalit\u00e0.<\/p>\n<p>&nbsp;<\/p>\n<p>\u201cCasa Fabbri Reload\u201d si rivolge ad architetti, designer, paesaggisti e gruppi ibridi. Non \u00e8 strutturata solo per individuare delle figure professionali, ma piuttosto per offrire un ulteriore momento formativo e di visibilit\u00e0 ad una classe professionale che affronta una stagione di grandi cambiamenti.<\/p>\n<p>&nbsp;<\/p>\n<p>Da aprile 2017 continua l&#8217;attivit\u00e0 grazie ai quattro gruppi selezionati che realizzeranno dei progetti per valorizzare la sede della Fondazione.[\/vc_column_text][\/vc_column][vc_column width=&#8221;1\/3&#8243;][vc_wp_custommenu nav_menu=&#8221;19&#8243; title=&#8221;Approfondimenti&#8221;][vc_wp_custommenu nav_menu=&#8221;15&#8243; title=&#8221;Progetti&#8221;][\/vc_column][\/vc_row]<\/p>\n<\/section>","protected":false},"excerpt":{"rendered":"<p>[vc_row][vc_column width=&#8221;2\/3&#8243;][vc_column_text el_class=&#8221;titolo&#8221;]Prosegue \u201cCasa Fabbri Reload\u201d, la Open Call di progettazione per ristrutturare la sede operativa di Fondazione Francesco Fabbri[\/vc_column_text][vc_single_image image=&#8221;557&#8243; img_size=&#8221;full&#8221;][vc_column_text]Al fine di consolidare il proprio ruolo di soggetto <\/p>\n","protected":false},"author":3,"featured_media":557,"parent":95,"menu_order":0,"comment_status":"closed","ping_status":"closed","template":"","meta":[],"acf":[],"yoast_head":"<!-- This site is optimized with the Yoast SEO plugin v20.8 - https:\/\/yoast.com\/wordpress\/plugins\/seo\/ -->\n<title>Casa Fabbri Reload - Fondazione Francesco Fabbri<\/title>\n<meta name=\"robots\" content=\"index, follow, max-snippet:-1, max-image-preview:large, max-video-preview:-1\" \/>\n<link rel=\"canonical\" href=\"https:\/\/www.fondazionefrancescofabbri.it\/it\/arti\/casa-fabbri-reload\/\" \/>\n<meta property=\"og:locale\" content=\"it_IT\" \/>\n<meta property=\"og:type\" content=\"article\" \/>\n<meta property=\"og:title\" content=\"Casa Fabbri Reload - Fondazione Francesco Fabbri\" \/>\n<meta property=\"og:description\" content=\"[vc_row][vc_column width=&#8221;2\/3&#8243;][vc_column_text el_class=&#8221;titolo&#8221;]Prosegue \u201cCasa Fabbri Reload\u201d, la Open Call di progettazione per ristrutturare la sede operativa di Fondazione Francesco Fabbri[\/vc_column_text][vc_single_image image=&#8221;557&#8243; img_size=&#8221;full&#8221;][vc_column_text]Al fine di consolidare il proprio ruolo di soggetto\" \/>\n<meta property=\"og:url\" content=\"https:\/\/www.fondazionefrancescofabbri.it\/it\/arti\/casa-fabbri-reload\/\" \/>\n<meta property=\"og:site_name\" content=\"Fondazione Francesco Fabbri\" \/>\n<meta property=\"article:modified_time\" content=\"2019-07-08T06:54:38+00:00\" \/>\n<meta property=\"og:image\" content=\"https:\/\/www.fondazionefrancescofabbri.it\/wp-content\/uploads\/2016\/06\/casa-fabbri-reload.jpg\" \/>\n\t<meta property=\"og:image:width\" content=\"1100\" \/>\n\t<meta property=\"og:image:height\" content=\"688\" \/>\n\t<meta property=\"og:image:type\" content=\"image\/jpeg\" \/>\n<meta name=\"twitter:card\" content=\"summary_large_image\" \/>\n<meta name=\"twitter:label1\" content=\"Tempo di lettura stimato\" \/>\n\t<meta name=\"twitter:data1\" content=\"1 minuto\" \/>\n<script type=\"application\/ld+json\" class=\"yoast-schema-graph\">{\"@context\":\"https:\/\/schema.org\",\"@graph\":[{\"@type\":\"WebPage\",\"@id\":\"https:\/\/www.fondazionefrancescofabbri.it\/it\/arti\/casa-fabbri-reload\/\",\"url\":\"https:\/\/www.fondazionefrancescofabbri.it\/it\/arti\/casa-fabbri-reload\/\",\"name\":\"Casa Fabbri Reload - Fondazione Francesco Fabbri\",\"isPartOf\":{\"@id\":\"https:\/\/www.fondazionefrancescofabbri.it\/en\/#website\"},\"datePublished\":\"2016-06-27T15:12:06+00:00\",\"dateModified\":\"2019-07-08T06:54:38+00:00\",\"breadcrumb\":{\"@id\":\"https:\/\/www.fondazionefrancescofabbri.it\/it\/arti\/casa-fabbri-reload\/#breadcrumb\"},\"inLanguage\":\"it-IT\",\"potentialAction\":[{\"@type\":\"ReadAction\",\"target\":[\"https:\/\/www.fondazionefrancescofabbri.it\/it\/arti\/casa-fabbri-reload\/\"]}]},{\"@type\":\"BreadcrumbList\",\"@id\":\"https:\/\/www.fondazionefrancescofabbri.it\/it\/arti\/casa-fabbri-reload\/#breadcrumb\",\"itemListElement\":[{\"@type\":\"ListItem\",\"position\":1,\"name\":\"Home\",\"item\":\"https:\/\/www.fondazionefrancescofabbri.it\/it\/\"},{\"@type\":\"ListItem\",\"position\":2,\"name\":\"Arti\",\"item\":\"https:\/\/www.fondazionefrancescofabbri.it\/it\/arti\/\"},{\"@type\":\"ListItem\",\"position\":3,\"name\":\"Casa Fabbri Reload\"}]},{\"@type\":\"WebSite\",\"@id\":\"https:\/\/www.fondazionefrancescofabbri.it\/en\/#website\",\"url\":\"https:\/\/www.fondazionefrancescofabbri.it\/en\/\",\"name\":\"Fondazione Francesco Fabbri\",\"description\":\"Just another WordPress site\",\"potentialAction\":[{\"@type\":\"SearchAction\",\"target\":{\"@type\":\"EntryPoint\",\"urlTemplate\":\"https:\/\/www.fondazionefrancescofabbri.it\/en\/?s={search_term_string}\"},\"query-input\":\"required name=search_term_string\"}],\"inLanguage\":\"it-IT\"}]}<\/script>\n<!-- \/ Yoast SEO plugin. -->","yoast_head_json":{"title":"Casa Fabbri Reload - Fondazione Francesco Fabbri","robots":{"index":"index","follow":"follow","max-snippet":"max-snippet:-1","max-image-preview":"max-image-preview:large","max-video-preview":"max-video-preview:-1"},"canonical":"https:\/\/www.fondazionefrancescofabbri.it\/it\/arti\/casa-fabbri-reload\/","og_locale":"it_IT","og_type":"article","og_title":"Casa Fabbri Reload - Fondazione Francesco Fabbri","og_description":"[vc_row][vc_column width=&#8221;2\/3&#8243;][vc_column_text el_class=&#8221;titolo&#8221;]Prosegue \u201cCasa Fabbri Reload\u201d, la Open Call di progettazione per ristrutturare la sede operativa di Fondazione Francesco Fabbri[\/vc_column_text][vc_single_image image=&#8221;557&#8243; img_size=&#8221;full&#8221;][vc_column_text]Al fine di consolidare il proprio ruolo di soggetto","og_url":"https:\/\/www.fondazionefrancescofabbri.it\/it\/arti\/casa-fabbri-reload\/","og_site_name":"Fondazione Francesco Fabbri","article_modified_time":"2019-07-08T06:54:38+00:00","og_image":[{"width":1100,"height":688,"url":"https:\/\/www.fondazionefrancescofabbri.it\/wp-content\/uploads\/2016\/06\/casa-fabbri-reload.jpg","type":"image\/jpeg"}],"twitter_card":"summary_large_image","twitter_misc":{"Tempo di lettura stimato":"1 minuto"},"schema":{"@context":"https:\/\/schema.org","@graph":[{"@type":"WebPage","@id":"https:\/\/www.fondazionefrancescofabbri.it\/it\/arti\/casa-fabbri-reload\/","url":"https:\/\/www.fondazionefrancescofabbri.it\/it\/arti\/casa-fabbri-reload\/","name":"Casa Fabbri Reload - Fondazione Francesco Fabbri","isPartOf":{"@id":"https:\/\/www.fondazionefrancescofabbri.it\/en\/#website"},"datePublished":"2016-06-27T15:12:06+00:00","dateModified":"2019-07-08T06:54:38+00:00","breadcrumb":{"@id":"https:\/\/www.fondazionefrancescofabbri.it\/it\/arti\/casa-fabbri-reload\/#breadcrumb"},"inLanguage":"it-IT","potentialAction":[{"@type":"ReadAction","target":["https:\/\/www.fondazionefrancescofabbri.it\/it\/arti\/casa-fabbri-reload\/"]}]},{"@type":"BreadcrumbList","@id":"https:\/\/www.fondazionefrancescofabbri.it\/it\/arti\/casa-fabbri-reload\/#breadcrumb","itemListElement":[{"@type":"ListItem","position":1,"name":"Home","item":"https:\/\/www.fondazionefrancescofabbri.it\/it\/"},{"@type":"ListItem","position":2,"name":"Arti","item":"https:\/\/www.fondazionefrancescofabbri.it\/it\/arti\/"},{"@type":"ListItem","position":3,"name":"Casa Fabbri Reload"}]},{"@type":"WebSite","@id":"https:\/\/www.fondazionefrancescofabbri.it\/en\/#website","url":"https:\/\/www.fondazionefrancescofabbri.it\/en\/","name":"Fondazione Francesco Fabbri","description":"Just another WordPress site","potentialAction":[{"@type":"SearchAction","target":{"@type":"EntryPoint","urlTemplate":"https:\/\/www.fondazionefrancescofabbri.it\/en\/?s={search_term_string}"},"query-input":"required name=search_term_string"}],"inLanguage":"it-IT"}]}},"_links":{"self":[{"href":"https:\/\/www.fondazionefrancescofabbri.it\/it\/wp-json\/wp\/v2\/pages\/558"}],"collection":[{"href":"https:\/\/www.fondazionefrancescofabbri.it\/it\/wp-json\/wp\/v2\/pages"}],"about":[{"href":"https:\/\/www.fondazionefrancescofabbri.it\/it\/wp-json\/wp\/v2\/types\/page"}],"author":[{"embeddable":true,"href":"https:\/\/www.fondazionefrancescofabbri.it\/it\/wp-json\/wp\/v2\/users\/3"}],"replies":[{"embeddable":true,"href":"https:\/\/www.fondazionefrancescofabbri.it\/it\/wp-json\/wp\/v2\/comments?post=558"}],"version-history":[{"count":19,"href":"https:\/\/www.fondazionefrancescofabbri.it\/it\/wp-json\/wp\/v2\/pages\/558\/revisions"}],"predecessor-version":[{"id":2393,"href":"https:\/\/www.fondazionefrancescofabbri.it\/it\/wp-json\/wp\/v2\/pages\/558\/revisions\/2393"}],"up":[{"embeddable":true,"href":"https:\/\/www.fondazionefrancescofabbri.it\/it\/wp-json\/wp\/v2\/pages\/95"}],"wp:featuredmedia":[{"embeddable":true,"href":"https:\/\/www.fondazionefrancescofabbri.it\/it\/wp-json\/wp\/v2\/media\/557"}],"wp:attachment":[{"href":"https:\/\/www.fondazionefrancescofabbri.it\/it\/wp-json\/wp\/v2\/media?parent=558"}],"curies":[{"name":"wp","href":"https:\/\/api.w.org\/{rel}","templated":true}]}}

<section class="wpb-content-wrapper"><p>[vc_row][vc_column width=&#8221;2/3&#8243;][vc_column_text el_class=&#8221;titolo&#8221;]Prosegue “Casa Fabbri Reload”, la Open Call di progettazione per ristrutturare la sede operativa di Fondazione Francesco Fabbri[/vc_column_text][vc_single_image image=&#8221;557&#8243; img_size=&#8221;full&#8221;][vc_column_text]Al fine di consolidare il proprio ruolo di soggetto incubatore e promotore di ricerche, attività seminariali, processi e piattaforme culturali in grado di interpretare e influenzare i settori più innovativi della Contemporaneità, Fondazione Francesco Fabbri prosegue il progetto  “Casa Fabbri Reload”, la Open Call di progettazione finalizzata ad adeguare e ristrutturare il proprio compendio immobiliare di Casa Fabbri.</p>
<p>&nbsp;</p>
<p>La Open Call è promossa in condivisione con il Comune di Pieve di Soligo.</p>
<p>&nbsp;</p>
<p>Casa Fabbri è già oggi il “quartier generale” di Fondazione e gli interventi previsti nella Open Call di progettazione devono poter garantire la sua definitiva trasformazione in “residenza temporanea” per studiosi, creativi, ricercatori e soggetti coinvolti nelle attività progettuali che richiedono ospitalità.</p>
<p>&nbsp;</p>
<p>“Casa Fabbri Reload” si rivolge ad architetti, designer, paesaggisti e gruppi ibridi. Non è strutturata solo per individuare delle figure professionali, ma piuttosto per offrire un ulteriore momento formativo e di visibilità ad una classe professionale che affronta una stagione di grandi cambiamenti.</p>
<p>&nbsp;</p>
<p>Da aprile 2017 continua l&#8217;attività grazie ai quattro gruppi selezionati che realizzeranno dei progetti per valorizzare la sede della Fondazione.[/vc_column_text][/vc_column][vc_column width=&#8221;1/3&#8243;][vc_wp_custommenu nav_menu=&#8221;19&#8243; title=&#8221;Approfondimenti&#8221;][vc_wp_custommenu nav_menu=&#8221;15&#8243; title=&#8221;Progetti&#8221;][/vc_column][/vc_row]</p>
</section>
