{"id":88,"date":"2016-03-15T12:02:20","date_gmt":"2016-03-15T12:02:20","guid":{"rendered":"http:\/\/www.fondazionefrancescofabbri.it\/it\/?page_id=88"},"modified":"2016-07-22T10:15:25","modified_gmt":"2016-07-22T10:15:25","slug":"villa-brandolini","status":"publish","type":"page","link":"https:\/\/www.fondazionefrancescofabbri.it\/it\/about\/villa-brandolini\/","title":{"rendered":"Villa Brandolini"},"content":{"rendered":"<section class=\"wpb-content-wrapper\"><p>[vc_row][vc_column][vc_gallery type=&#8221;flexslider_slide&#8221; interval=&#8221;3&#8243; images=&#8221;281,282,283,650,652,653,654&#8243; img_size=&#8221;full&#8221;][vc_column_text]Sede di rappresentanza della Fondazione, nonch\u00e9 splendida cornice e vetrina per mostre ed eventi, Villa Brandolini \u00e8 una delle pi\u00f9 significative fra le ville venete, restaurata con garbo e restituita al territorio per volont\u00e0 dell\u2019Amministrazione di Pieve di Soligo.<\/p>\n<p>&nbsp;<\/p>\n<p>I lavori hanno riportato gli ambienti del corpo centrale della villa alle loro caratteristiche originarie, pur conservando gli stucchi e i decori architettonici degli anni \u201950, e li hanno attrezzati con gli impianti necessari per corredare uno spazio espositivo di pregio, il pi\u00f9 ampio, accogliente e funzionale dell\u2019intera provincia di Treviso.<\/p>\n<p>&nbsp;<\/p>\n<p>Negli ultimi anni, grazie all\u2019impegno congiunto della Fondazione Francesco Fabbri e dell\u2019Amministrazione Comunale di Pieve di Soligo, Villa Brandolini sta diventando teatro di un articolato programma espositivo, finalizzato non solo a valorizzare la tradizione artistica, le specificit\u00e0 culturali e le vocazioni produttive del territorio, ma anche a dare spazio ai progetti pi\u00f9 interessanti e innovativi di giovani creativi.[\/vc_column_text][\/vc_column][\/vc_row]<\/p>\n<\/section>","protected":false},"excerpt":{"rendered":"<p>[vc_row][vc_column][vc_gallery type=&#8221;flexslider_slide&#8221; interval=&#8221;3&#8243; images=&#8221;281,282,283,650,652,653,654&#8243; img_size=&#8221;full&#8221;][vc_column_text]Sede di rappresentanza della Fondazione, nonch\u00e9 splendida cornice e vetrina per mostre ed eventi, Villa Brandolini \u00e8 una delle pi\u00f9 significative fra le ville venete, restaurata <\/p>\n","protected":false},"author":4,"featured_media":0,"parent":15,"menu_order":15,"comment_status":"closed","ping_status":"closed","template":"duecolonne.php","meta":[],"acf":[],"yoast_head":"<!-- This site is optimized with the Yoast SEO plugin v20.8 - https:\/\/yoast.com\/wordpress\/plugins\/seo\/ -->\n<title>Villa Brandolini - Fondazione Francesco Fabbri<\/title>\n<meta name=\"robots\" content=\"index, follow, max-snippet:-1, max-image-preview:large, max-video-preview:-1\" \/>\n<link rel=\"canonical\" href=\"https:\/\/www.fondazionefrancescofabbri.it\/it\/about\/villa-brandolini\/\" \/>\n<meta property=\"og:locale\" content=\"it_IT\" \/>\n<meta property=\"og:type\" content=\"article\" \/>\n<meta property=\"og:title\" content=\"Villa Brandolini - Fondazione Francesco Fabbri\" \/>\n<meta property=\"og:description\" content=\"[vc_row][vc_column][vc_gallery type=&#8221;flexslider_slide&#8221; interval=&#8221;3&#8243; images=&#8221;281,282,283,650,652,653,654&#8243; img_size=&#8221;full&#8221;][vc_column_text]Sede di rappresentanza della Fondazione, nonch\u00e9 splendida cornice e vetrina per mostre ed eventi, Villa Brandolini \u00e8 una delle pi\u00f9 significative fra le ville venete, restaurata\" \/>\n<meta property=\"og:url\" content=\"https:\/\/www.fondazionefrancescofabbri.it\/it\/about\/villa-brandolini\/\" \/>\n<meta property=\"og:site_name\" content=\"Fondazione Francesco Fabbri\" \/>\n<meta property=\"article:modified_time\" content=\"2016-07-22T10:15:25+00:00\" \/>\n<meta name=\"twitter:card\" content=\"summary_large_image\" \/>\n<meta name=\"twitter:label1\" content=\"Tempo di lettura stimato\" \/>\n\t<meta name=\"twitter:data1\" content=\"1 minuto\" \/>\n<script type=\"application\/ld+json\" class=\"yoast-schema-graph\">{\"@context\":\"https:\/\/schema.org\",\"@graph\":[{\"@type\":\"WebPage\",\"@id\":\"https:\/\/www.fondazionefrancescofabbri.it\/it\/about\/villa-brandolini\/\",\"url\":\"https:\/\/www.fondazionefrancescofabbri.it\/it\/about\/villa-brandolini\/\",\"name\":\"Villa Brandolini - Fondazione Francesco Fabbri\",\"isPartOf\":{\"@id\":\"https:\/\/www.fondazionefrancescofabbri.it\/en\/#website\"},\"datePublished\":\"2016-03-15T12:02:20+00:00\",\"dateModified\":\"2016-07-22T10:15:25+00:00\",\"breadcrumb\":{\"@id\":\"https:\/\/www.fondazionefrancescofabbri.it\/it\/about\/villa-brandolini\/#breadcrumb\"},\"inLanguage\":\"it-IT\",\"potentialAction\":[{\"@type\":\"ReadAction\",\"target\":[\"https:\/\/www.fondazionefrancescofabbri.it\/it\/about\/villa-brandolini\/\"]}]},{\"@type\":\"BreadcrumbList\",\"@id\":\"https:\/\/www.fondazionefrancescofabbri.it\/it\/about\/villa-brandolini\/#breadcrumb\",\"itemListElement\":[{\"@type\":\"ListItem\",\"position\":1,\"name\":\"Home\",\"item\":\"https:\/\/www.fondazionefrancescofabbri.it\/it\/\"},{\"@type\":\"ListItem\",\"position\":2,\"name\":\"About\",\"item\":\"https:\/\/www.fondazionefrancescofabbri.it\/it\/about\/\"},{\"@type\":\"ListItem\",\"position\":3,\"name\":\"Villa Brandolini\"}]},{\"@type\":\"WebSite\",\"@id\":\"https:\/\/www.fondazionefrancescofabbri.it\/en\/#website\",\"url\":\"https:\/\/www.fondazionefrancescofabbri.it\/en\/\",\"name\":\"Fondazione Francesco Fabbri\",\"description\":\"Just another WordPress site\",\"potentialAction\":[{\"@type\":\"SearchAction\",\"target\":{\"@type\":\"EntryPoint\",\"urlTemplate\":\"https:\/\/www.fondazionefrancescofabbri.it\/en\/?s={search_term_string}\"},\"query-input\":\"required name=search_term_string\"}],\"inLanguage\":\"it-IT\"}]}<\/script>\n<!-- \/ Yoast SEO plugin. -->","yoast_head_json":{"title":"Villa Brandolini - Fondazione Francesco Fabbri","robots":{"index":"index","follow":"follow","max-snippet":"max-snippet:-1","max-image-preview":"max-image-preview:large","max-video-preview":"max-video-preview:-1"},"canonical":"https:\/\/www.fondazionefrancescofabbri.it\/it\/about\/villa-brandolini\/","og_locale":"it_IT","og_type":"article","og_title":"Villa Brandolini - Fondazione Francesco Fabbri","og_description":"[vc_row][vc_column][vc_gallery type=&#8221;flexslider_slide&#8221; interval=&#8221;3&#8243; images=&#8221;281,282,283,650,652,653,654&#8243; img_size=&#8221;full&#8221;][vc_column_text]Sede di rappresentanza della Fondazione, nonch\u00e9 splendida cornice e vetrina per mostre ed eventi, Villa Brandolini \u00e8 una delle pi\u00f9 significative fra le ville venete, restaurata","og_url":"https:\/\/www.fondazionefrancescofabbri.it\/it\/about\/villa-brandolini\/","og_site_name":"Fondazione Francesco Fabbri","article_modified_time":"2016-07-22T10:15:25+00:00","twitter_card":"summary_large_image","twitter_misc":{"Tempo di lettura stimato":"1 minuto"},"schema":{"@context":"https:\/\/schema.org","@graph":[{"@type":"WebPage","@id":"https:\/\/www.fondazionefrancescofabbri.it\/it\/about\/villa-brandolini\/","url":"https:\/\/www.fondazionefrancescofabbri.it\/it\/about\/villa-brandolini\/","name":"Villa Brandolini - Fondazione Francesco Fabbri","isPartOf":{"@id":"https:\/\/www.fondazionefrancescofabbri.it\/en\/#website"},"datePublished":"2016-03-15T12:02:20+00:00","dateModified":"2016-07-22T10:15:25+00:00","breadcrumb":{"@id":"https:\/\/www.fondazionefrancescofabbri.it\/it\/about\/villa-brandolini\/#breadcrumb"},"inLanguage":"it-IT","potentialAction":[{"@type":"ReadAction","target":["https:\/\/www.fondazionefrancescofabbri.it\/it\/about\/villa-brandolini\/"]}]},{"@type":"BreadcrumbList","@id":"https:\/\/www.fondazionefrancescofabbri.it\/it\/about\/villa-brandolini\/#breadcrumb","itemListElement":[{"@type":"ListItem","position":1,"name":"Home","item":"https:\/\/www.fondazionefrancescofabbri.it\/it\/"},{"@type":"ListItem","position":2,"name":"About","item":"https:\/\/www.fondazionefrancescofabbri.it\/it\/about\/"},{"@type":"ListItem","position":3,"name":"Villa Brandolini"}]},{"@type":"WebSite","@id":"https:\/\/www.fondazionefrancescofabbri.it\/en\/#website","url":"https:\/\/www.fondazionefrancescofabbri.it\/en\/","name":"Fondazione Francesco Fabbri","description":"Just another WordPress site","potentialAction":[{"@type":"SearchAction","target":{"@type":"EntryPoint","urlTemplate":"https:\/\/www.fondazionefrancescofabbri.it\/en\/?s={search_term_string}"},"query-input":"required name=search_term_string"}],"inLanguage":"it-IT"}]}},"_links":{"self":[{"href":"https:\/\/www.fondazionefrancescofabbri.it\/it\/wp-json\/wp\/v2\/pages\/88"}],"collection":[{"href":"https:\/\/www.fondazionefrancescofabbri.it\/it\/wp-json\/wp\/v2\/pages"}],"about":[{"href":"https:\/\/www.fondazionefrancescofabbri.it\/it\/wp-json\/wp\/v2\/types\/page"}],"author":[{"embeddable":true,"href":"https:\/\/www.fondazionefrancescofabbri.it\/it\/wp-json\/wp\/v2\/users\/4"}],"replies":[{"embeddable":true,"href":"https:\/\/www.fondazionefrancescofabbri.it\/it\/wp-json\/wp\/v2\/comments?post=88"}],"version-history":[{"count":19,"href":"https:\/\/www.fondazionefrancescofabbri.it\/it\/wp-json\/wp\/v2\/pages\/88\/revisions"}],"predecessor-version":[{"id":707,"href":"https:\/\/www.fondazionefrancescofabbri.it\/it\/wp-json\/wp\/v2\/pages\/88\/revisions\/707"}],"up":[{"embeddable":true,"href":"https:\/\/www.fondazionefrancescofabbri.it\/it\/wp-json\/wp\/v2\/pages\/15"}],"wp:attachment":[{"href":"https:\/\/www.fondazionefrancescofabbri.it\/it\/wp-json\/wp\/v2\/media?parent=88"}],"curies":[{"name":"wp","href":"https:\/\/api.w.org\/{rel}","templated":true}]}}

<section class="wpb-content-wrapper"><p>[vc_row][vc_column][vc_gallery type=&#8221;flexslider_slide&#8221; interval=&#8221;3&#8243; images=&#8221;281,282,283,650,652,653,654&#8243; img_size=&#8221;full&#8221;][vc_column_text]Sede di rappresentanza della Fondazione, nonché splendida cornice e vetrina per mostre ed eventi, Villa Brandolini è una delle più significative fra le ville venete, restaurata con garbo e restituita al territorio per volontà dell’Amministrazione di Pieve di Soligo.</p>
<p>&nbsp;</p>
<p>I lavori hanno riportato gli ambienti del corpo centrale della villa alle loro caratteristiche originarie, pur conservando gli stucchi e i decori architettonici degli anni ’50, e li hanno attrezzati con gli impianti necessari per corredare uno spazio espositivo di pregio, il più ampio, accogliente e funzionale dell’intera provincia di Treviso.</p>
<p>&nbsp;</p>
<p>Negli ultimi anni, grazie all’impegno congiunto della Fondazione Francesco Fabbri e dell’Amministrazione Comunale di Pieve di Soligo, Villa Brandolini sta diventando teatro di un articolato programma espositivo, finalizzato non solo a valorizzare la tradizione artistica, le specificità culturali e le vocazioni produttive del territorio, ma anche a dare spazio ai progetti più interessanti e innovativi di giovani creativi.[/vc_column_text][/vc_column][/vc_row]</p>
</section>

<p>[vc_row][vc_column][vc_gallery type=&#8221;flexslider_slide&#8221; interval=&#8221;3&#8243; images=&#8221;281,282,283,650,652,653,654&#8243; img_size=&#8221;full&#8221;][vc_column_text]Sede di rappresentanza della Fondazione, nonché splendida cornice e vetrina per mostre ed eventi, Villa Brandolini è una delle più significative fra le ville venete, restaurata </p>

<!-- This site is optimized with the Yoast SEO plugin v20.8 - https://yoast.com/wordpress/plugins/seo/ -->
<title>Villa Brandolini - Fondazione Francesco Fabbri</title>
<meta name="robots" content="index, follow, max-snippet:-1, max-image-preview:large, max-video-preview:-1" />
<link rel="canonical" href="https://www.fondazionefrancescofabbri.it/it/about/villa-brandolini/" />
<meta property="og:locale" content="it_IT" />
<meta property="og:type" content="article" />
<meta property="og:title" content="Villa Brandolini - Fondazione Francesco Fabbri" />
<meta property="og:description" content="[vc_row][vc_column][vc_gallery type=&#8221;flexslider_slide&#8221; interval=&#8221;3&#8243; images=&#8221;281,282,283,650,652,653,654&#8243; img_size=&#8221;full&#8221;][vc_column_text]Sede di rappresentanza della Fondazione, nonché splendida cornice e vetrina per mostre ed eventi, Villa Brandolini è una delle più significative fra le ville venete, restaurata" />
<meta property="og:url" content="https://www.fondazionefrancescofabbri.it/it/about/villa-brandolini/" />
<meta property="og:site_name" content="Fondazione Francesco Fabbri" />
<meta property="article:modified_time" content="2016-07-22T10:15:25+00:00" />
<meta name="twitter:card" content="summary_large_image" />
<meta name="twitter:label1" content="Tempo di lettura stimato" />
	<meta name="twitter:data1" content="1 minuto" />
<script type="application/ld+json" class="yoast-schema-graph">{"@context":"https://schema.org","@graph":[{"@type":"WebPage","@id":"https://www.fondazionefrancescofabbri.it/it/about/villa-brandolini/","url":"https://www.fondazionefrancescofabbri.it/it/about/villa-brandolini/","name":"Villa Brandolini - Fondazione Francesco Fabbri","isPartOf":{"@id":"https://www.fondazionefrancescofabbri.it/en/#website"},"datePublished":"2016-03-15T12:02:20+00:00","dateModified":"2016-07-22T10:15:25+00:00","breadcrumb":{"@id":"https://www.fondazionefrancescofabbri.it/it/about/villa-brandolini/#breadcrumb"},"inLanguage":"it-IT","potentialAction":[{"@type":"ReadAction","target":["https://www.fondazionefrancescofabbri.it/it/about/villa-brandolini/"]}]},{"@type":"BreadcrumbList","@id":"https://www.fondazionefrancescofabbri.it/it/about/villa-brandolini/#breadcrumb","itemListElement":[{"@type":"ListItem","position":1,"name":"Home","item":"https://www.fondazionefrancescofabbri.it/it/"},{"@type":"ListItem","position":2,"name":"About","item":"https://www.fondazionefrancescofabbri.it/it/about/"},{"@type":"ListItem","position":3,"name":"Villa Brandolini"}]},{"@type":"WebSite","@id":"https://www.fondazionefrancescofabbri.it/en/#website","url":"https://www.fondazionefrancescofabbri.it/en/","name":"Fondazione Francesco Fabbri","description":"Just another WordPress site","potentialAction":[{"@type":"SearchAction","target":{"@type":"EntryPoint","urlTemplate":"https://www.fondazionefrancescofabbri.it/en/?s={search_term_string}"},"query-input":"required name=search_term_string"}],"inLanguage":"it-IT"}]}</script>
<!-- / Yoast SEO plugin. -->

[vc_row][vc_column][vc_gallery type=&#8221;flexslider_slide&#8221; interval=&#8221;3&#8243; images=&#8221;281,282,283,650,652,653,654&#8243; img_size=&#8221;full&#8221;][vc_column_text]Sede di rappresentanza della Fondazione, nonché splendida cornice e vetrina per mostre ed eventi, Villa Brandolini è una delle più significative fra le ville venete, restaurata
